18
What is the remainder when 11895 is divided by 1889?
561
What is the remainder when 532757 is divided by 380?
377
What is the remainder when 9113 is divided by 736?
281
What is the remainder when 13229 is divided by 98?
97
What is the remainder when 20106 is divided by 121?
20
Calculate the remainder when 84341 is divided by 32.
21
What is the remainder when 43093 is divided by 310?
3
What is the remainder when 1547 is divided by 385?
7
Calculate the remainder when 10700 is divided by 40.
20
Calculate the remainder when 7135 is divided by 1630.
615
What is the remainder when 3233500 is divided by 91?
88
What is the remainder when 11611 is divided by 525?
61
Calculate the remainder when 14486 is divided by 2409.
32
What is the remainder when 198657 is divided by 28?
25
What is the remainder when 14133 is divided by 394?
343
What is the remainder when 39791 is divided by 201?
194
What is the remainder when 2014977 is divided by 109?
3
Calculate the remainder when 149373 is divided by 183.
45
Calculate the remainder when 36882 is divided by 34.
26
Calculate the remainder when 77989 is divided by 774.
589
What is the remainder when 2295 is divided by 754?
33
Calculate the remainder when 24521 is divided by 246.
167
Calculate the remainder when 245068 is divided by 315.
313
What is the remainder when 11955 is divided by 27?
21
Calculate the remainder when 231994 is divided by 76.
42
What is the remainder when 2933 is divided by 2856?
77
What is the remainder when 248079 is divided by 8002?
17
Calculate the remainder when 631 is divided by 560.
71
What is the remainder when 23648 is divided by 2364?
8
Calculate the remainder when 34393 is divided by 1495.
8
What is the remainder when 652 is divided by 188?
88
What is the remainder when 688 is divided by 681?
7
What is the remainder when 14521 is divided by 279?
13
Calculate the remainder when 45429 is divided by 360.
69
What is the remainder when 2437 is divided by 129?
115
Calculate the remainder when 10481 is divided by 3397.
290
Calculate the remainder when 5750 is divided by 134.
122
What is the remainder when 5004 is divided by 617?
68
Calculate the remainder when 7398 is divided by 1830.
78
What is the remainder when 62279 is divided by 180?
179
What is the remainder when 3342 is divided by 1115?
1112
What is the remainder when 18615 is divided by 2655?
30
What is the remainder when 4086 is divided by 312?
30
Calculate the remainder when 1430666 is divided by 476886.
8
Calculate the remainder when 5821 is divided by 75.
46
What is the remainder when 58781 is divided by 32?
29
What is the remainder when 1368 is divided by 200?
168
What is the remainder when 80650 is divided by 143?
141
Calculate the remainder when 307598 is divided by 16.
14
Calculate the remainder when 23216 is divided by 1105.
11
What is the remainder when 507098 is divided by 129?
128
What is the remainder when 2461 is divided by 1163?
135
Calculate the remainder when 564 is divided by 489.
75
What is the remainder when 538 is divided by 8?
2
Calculate the remainder when 18767 is divided by 159.
5
Calculate the remainder when 31645 is divided by 527.
25
What is the remainder when 52488 is divided by 386?
378
What is the remainder when 8537 is divided by 328?
9
Calculate the remainder when 2604 is divided by 378.
336
What is the remainder when 238078 is divided by 30?
28
What is the remainder when 11792 is divided by 383?
302
What is the remainder when 411683 is divided by 143?
129
Calculate the remainder when 1232 is divided by 228.
92
What is the remainder when 20968 is divided by 388?
16
Calculate the remainder when 46046 is divided by 1996.
138
Calculate the remainder when 924419 is divided by 14.
13
Calculate the remainder when 2728 is divided by 210.
208
What is the remainder when 78726 is divided by 5248?
6
Calculate the remainder when 200525 is divided by 8.
5
What is the remainder when 8219 is divided by 1241?
773
What is the remainder when 50938 is divided by 283?
281
Calculate the remainder when 7423 is divided by 1109.
769
Calculate the remainder when 442 is divided by 254.
188
Calculate the remainder when 1775 is divided by 1543.
232
Calculate the remainder when 6191 is divided by 330.
251
What is the remainder when 1958502 is divided by 2017?
2012
What is the remainder when 323063 is divided by 339?
335
Calculate the remainder when 10617 is divided by 88.
57
What is the remainder when 415239 is divided by 8?
7
What is the remainder when 82987 is divided by 24?
19
Calculate the remainder when 78125 is divided by 87.
86
Calculate the remainder when 3531 is divided by 108.
75
Calculate the remainder when 12910 is divided by 993.
1
Calculate the remainder when 20240 is divided by 505.
40
What is the remainder when 363464 is divided by 173?
164
What is the remainder when 252278 is divided by 20?
18
Calculate the remainder when 178984 is divided by 178980.
4
Calculate the remainder when 252703 is divided by 13.
9
What is the remainder when 1631409 is divided by 33?
21
Calculate the remainder when 43839 is divided by 43839.
0
What is the remainder when 88664 is divided by 30?
14
Calculate the remainder when 5120 is divided by 122.
118
What is the remainder when 23011 is divided by 11501?
9
What is the remainder when 22193 is divided by 62?
59
Calculate the remainder when 30298 is divided by 414.
76
What is the remainder when 96197 is divided by 3103?
4
Calculate the remainder when 126005 is divided by 180.
5
What is the remainder when 1675655 is divided by 102?
101
Calculate the remainder when 942767 is divided by 46.
43
Calculate the remainder when 184277 is divided by 85.
82
Calculate the remainder when 1298765 is divided by 642.
641
What is the remainder when 4843 is divided by 832?
683
What is the remainder when 6588 is divided by 630?
288
Calculate the remainder when 3265 is divided by 29.
17
Calculate the remainder when 26572 is divided by 1843.
770
What is the remainder when 20519 is divided by 5127?
11
What is the remainder when 2063 is divided by 54?
11
Calculate the remainder when 4880 is divided by 1608.
56
What is the remainder when 10718 is divided by 2654?
102
Calculate the remainder when 306228 is divided by 10.
8
What is the remainder when 12772 is divided by 35?
32
Calculate the remainder when 72665 is divided by 13.
8
Calculate the remainder when 224755 is divided by 108.
7
Calculate the remainder when 18424 is divided by 6134.
22
Calculate the remainder when 2984 is divided by 34.
26
What is the remainder when 7246 is divided by 19?
7
What is the remainder when 2766 is divided by 258?
186
What is the remainder when 772916 is divided by 678?
674
What is the remainder when 73422 is divided by 5244?
6
Calculate the remainder when 6363 is divided by 708.
699
Calculate the remainder when 21054 is divided by 108.
102
What is the remainder when 60288 is divided by 21?
18
Calculate the remainder when 92075 is divided by 367.
325
Calculate the remainder when 397 is divided by 157.
83
Calculate the remainder when 5283 is divided by 1056.
3
What is the remainder when 237877 is divided by 5?
2
What is the remainder when 283796 is divided by 578?
576
What is the remainder when 118421 is divided by 81?
80
What is the remainder when 9307 is divided by 468?
415
What is the remainder when 12966 is divided by 109?
104
What is the remainder when 58750 is divided by 192?
190
What is the remainder when 205127 is divided by 3?
2
What is the remainder when 7255 is divided by 7250?
5
What is the remainder when 11602 is divided by 661?
365
Calculate the remainder when 11436 is divided by 3792.
60
Calculate the remainder when 4945 is divided by 822.
13
Calculate the remainder when 209 is divided by 7.
6
What is the remainder when 27495 is divided by 172?
147
Calculate the remainder when 271760 is divided by 12940.
20
Calculate the remainder when 5836 is divided by 88.
28
What is the remainder when 118825 is divided by 1584?
25
Calculate the remainder when 21729 is divided by 152.
145
What is the remainder when 2239610 is divided by 58?
56
What is the remainder when 16472 is divided by 54?
2
Calculate the remainder when 26312 is divided by 151.
38
Calculate the remainder when 12390 is divided by 159.
147
What is the re